{"id":5,"date":"2016-11-28T09:19:59","date_gmt":"2016-11-28T08:19:59","guid":{"rendered":"https:\/\/mysiteabel.wordpress.com\/?page_id=2"},"modified":"2017-12-15T13:30:11","modified_gmt":"2017-12-15T12:30:11","slug":"le-club-pignan-vtt","status":"publish","type":"page","link":"http:\/\/www.pignanvtt.fr\/index.php\/le-club-pignan-vtt\/","title":{"rendered":"Le club"},"content":{"rendered":"<h1 style=\"text-align: center;\">Pignan VTT<\/h1>\n<h2 style=\"text-align: center;\">Qui sommes nous ?<\/h2>\n<p>Le club Pignan VTT\u00a0 a pour vocation de rassembler les amoureux du VTT, de la garrigue , ses drailles et mono-traces pour de belles et agr\u00e9ables vir\u00e9es ainsi que de la route.<\/p>\n<p>L&rsquo;esprit d&rsquo;\u00e9quipe et l&rsquo;humeur sportive et joyeuse restent de mise au sein de l&rsquo;association.<\/p>\n<p>Au club\u00a0PIGNAN VTT, il y a des fondus de descente, des riders, des cools, des comp\u00e9titeurs aguerris, des barjos, &#8230;., mais quand on part ensemble, on roule tous ensemble.<\/p>\n<p>Rejoignez-nous pour une de nos prochaines randos VTT ou Route autour de Pignan ou des spots de la r\u00e9gion (Secteur: Pignan, Cournonterral, Cournonsec, Murviel, St Georges d&rsquo;Orques, Montbazin, Gardiole, &#8230;)<\/p>\n<p>Ponctuellement nous partons \u00e0 la journ\u00e9e ou sur un WE complet pour des randos organis\u00e9s vers des spots plus lointains (Loz\u00e8re, Caroux, Auvergne, Pyr\u00e9n\u00e9es, &#8230;).<\/p>\n<p>PIGNAN VTT \u00a0organise \u00a0la Rando bi-annuelle VTT de PIGNAN \u00ab\u00a0<a href=\"http:\/\/www.pignanvtt.fr\/index.php\/116-2\/\">La Pignanaise\u00a0VTT<\/a>\u00ab\u00a0, \u00a0et apporte son soutien au T\u00e9l\u00e9thon, ainsi qu&rsquo;aux op\u00e9rations de nettoyage de garrigue de PIGNAN et des villages alentours.<\/p>\n<p>L&rsquo;ann\u00e9e est aussi marqu\u00e9e par l&rsquo;Assembl\u00e9e G\u00e9n\u00e9rale, un Pique-Nique de fin d&rsquo;ann\u00e9e (avec \u00e9pouses, copines et enfants), et quelques ap\u00e9ros occasionnels.<\/p>\n<p>Vous voulez voir si notre groupe et notre pratique vous conviennent ? : Les trois\u00a0premi\u00e8res sorties d&rsquo;essais peuvent se faire sans adh\u00e9sion \u00e0 l&rsquo;association\u00a0et sont couvertes par notre assurance.<\/p>\n<p>&nbsp;<\/p>\n","protected":false},"excerpt":{"rendered":"<p>Ceci est un petit extrait destin\u00e9 \u00e0 la &amp;nbsp;page \u00ab\u00a0\u00c0 propos\u00a0\u00bb.<\/p>\n","protected":false},"author":1,"featured_media":0,"parent":0,"menu_order":1,"comment_status":"closed","ping_status":"closed","template":"","meta":{"footnotes":""},"class_list":["post-5","page","type-page","status-publish","hentry"],"yoast_head":"<!-- This site is optimized with the Yoast SEO plugin v25.9 - https:\/\/yoast.com\/wordpress\/plugins\/seo\/ -->\n<title>Le club &#171; Pignan VTT<\/title>\n<meta name=\"robots\" content=\"index, follow, max-snippet:-1, max-image-preview:large, max-video-preview:-1\" \/>\n<link rel=\"canonical\" href=\"http:\/\/www.pignanvtt.fr\/index.php\/le-club-pignan-vtt\/\" \/>\n<meta property=\"og:locale\" content=\"fr_FR\" \/>\n<meta property=\"og:type\" content=\"article\" \/>\n<meta property=\"og:title\" content=\"Le club &#171; Pignan VTT\" \/>\n<meta property=\"og:description\" content=\"Ceci est un petit extrait destin\u00e9 \u00e0 la &amp;nbsp;page \u00ab\u00a0\u00c0 propos\u00a0\u00bb.\" \/>\n<meta property=\"og:url\" content=\"http:\/\/www.pignanvtt.fr\/index.php\/le-club-pignan-vtt\/\" \/>\n<meta property=\"og:site_name\" content=\"Pignan VTT\" \/>\n<meta property=\"article:modified_time\" content=\"2017-12-15T12:30:11+00:00\" \/>\n<meta name=\"twitter:card\" content=\"summary_large_image\" \/>\n<meta name=\"twitter:label1\" content=\"Dur\u00e9e de lecture estim\u00e9e\" \/>\n\t<meta name=\"twitter:data1\" content=\"1 minute\" \/>\n<script type=\"application\/ld+json\" class=\"yoast-schema-graph\">{\"@context\":\"https:\/\/schema.org\",\"@graph\":[{\"@type\":\"WebPage\",\"@id\":\"http:\/\/www.pignanvtt.fr\/index.php\/le-club-pignan-vtt\/\",\"url\":\"http:\/\/www.pignanvtt.fr\/index.php\/le-club-pignan-vtt\/\",\"name\":\"Le club &#171; Pignan VTT\",\"isPartOf\":{\"@id\":\"http:\/\/www.pignanvtt.fr\/#website\"},\"datePublished\":\"2016-11-28T08:19:59+00:00\",\"dateModified\":\"2017-12-15T12:30:11+00:00\",\"breadcrumb\":{\"@id\":\"http:\/\/www.pignanvtt.fr\/index.php\/le-club-pignan-vtt\/#breadcrumb\"},\"inLanguage\":\"fr-FR\",\"potentialAction\":[{\"@type\":\"ReadAction\",\"target\":[\"http:\/\/www.pignanvtt.fr\/index.php\/le-club-pignan-vtt\/\"]}]},{\"@type\":\"BreadcrumbList\",\"@id\":\"http:\/\/www.pignanvtt.fr\/index.php\/le-club-pignan-vtt\/#breadcrumb\",\"itemListElement\":[{\"@type\":\"ListItem\",\"position\":1,\"name\":\"Accueil\",\"item\":\"http:\/\/www.pignanvtt.fr\/\"},{\"@type\":\"ListItem\",\"position\":2,\"name\":\"Le club\"}]},{\"@type\":\"WebSite\",\"@id\":\"http:\/\/www.pignanvtt.fr\/#website\",\"url\":\"http:\/\/www.pignanvtt.fr\/\",\"name\":\"Pignan VTT\",\"description\":\"Association Pignan VTT de la commune de PIGNAN (Languedoc-Roussillon, H\u00e9rault, 34)\",\"potentialAction\":[{\"@type\":\"SearchAction\",\"target\":{\"@type\":\"EntryPoint\",\"urlTemplate\":\"http:\/\/www.pignanvtt.fr\/?s={search_term_string}\"},\"query-input\":{\"@type\":\"PropertyValueSpecification\",\"valueRequired\":true,\"valueName\":\"search_term_string\"}}],\"inLanguage\":\"fr-FR\"}]}<\/script>\n<!-- \/ Yoast SEO plugin. -->","yoast_head_json":{"title":"Le club &#171; Pignan VTT","robots":{"index":"index","follow":"follow","max-snippet":"max-snippet:-1","max-image-preview":"max-image-preview:large","max-video-preview":"max-video-preview:-1"},"canonical":"http:\/\/www.pignanvtt.fr\/index.php\/le-club-pignan-vtt\/","og_locale":"fr_FR","og_type":"article","og_title":"Le club &#171; Pignan VTT","og_description":"Ceci est un petit extrait destin\u00e9 \u00e0 la &amp;nbsp;page \u00ab\u00a0\u00c0 propos\u00a0\u00bb.","og_url":"http:\/\/www.pignanvtt.fr\/index.php\/le-club-pignan-vtt\/","og_site_name":"Pignan VTT","article_modified_time":"2017-12-15T12:30:11+00:00","twitter_card":"summary_large_image","twitter_misc":{"Dur\u00e9e de lecture estim\u00e9e":"1 minute"},"schema":{"@context":"https:\/\/schema.org","@graph":[{"@type":"WebPage","@id":"http:\/\/www.pignanvtt.fr\/index.php\/le-club-pignan-vtt\/","url":"http:\/\/www.pignanvtt.fr\/index.php\/le-club-pignan-vtt\/","name":"Le club &#171; Pignan VTT","isPartOf":{"@id":"http:\/\/www.pignanvtt.fr\/#website"},"datePublished":"2016-11-28T08:19:59+00:00","dateModified":"2017-12-15T12:30:11+00:00","breadcrumb":{"@id":"http:\/\/www.pignanvtt.fr\/index.php\/le-club-pignan-vtt\/#breadcrumb"},"inLanguage":"fr-FR","potentialAction":[{"@type":"ReadAction","target":["http:\/\/www.pignanvtt.fr\/index.php\/le-club-pignan-vtt\/"]}]},{"@type":"BreadcrumbList","@id":"http:\/\/www.pignanvtt.fr\/index.php\/le-club-pignan-vtt\/#breadcrumb","itemListElement":[{"@type":"ListItem","position":1,"name":"Accueil","item":"http:\/\/www.pignanvtt.fr\/"},{"@type":"ListItem","position":2,"name":"Le club"}]},{"@type":"WebSite","@id":"http:\/\/www.pignanvtt.fr\/#website","url":"http:\/\/www.pignanvtt.fr\/","name":"Pignan VTT","description":"Association Pignan VTT de la commune de PIGNAN (Languedoc-Roussillon, H\u00e9rault, 34)","potentialAction":[{"@type":"SearchAction","target":{"@type":"EntryPoint","urlTemplate":"http:\/\/www.pignanvtt.fr\/?s={search_term_string}"},"query-input":{"@type":"PropertyValueSpecification","valueRequired":true,"valueName":"search_term_string"}}],"inLanguage":"fr-FR"}]}},"_links":{"self":[{"href":"http:\/\/www.pignanvtt.fr\/index.php\/wp-json\/wp\/v2\/pages\/5","targetHints":{"allow":["GET"]}}],"collection":[{"href":"http:\/\/www.pignanvtt.fr\/index.php\/wp-json\/wp\/v2\/pages"}],"about":[{"href":"http:\/\/www.pignanvtt.fr\/index.php\/wp-json\/wp\/v2\/types\/page"}],"author":[{"embeddable":true,"href":"http:\/\/www.pignanvtt.fr\/index.php\/wp-json\/wp\/v2\/users\/1"}],"replies":[{"embeddable":true,"href":"http:\/\/www.pignanvtt.fr\/index.php\/wp-json\/wp\/v2\/comments?post=5"}],"version-history":[{"count":31,"href":"http:\/\/www.pignanvtt.fr\/index.php\/wp-json\/wp\/v2\/pages\/5\/revisions"}],"predecessor-version":[{"id":756,"href":"http:\/\/www.pignanvtt.fr\/index.php\/wp-json\/wp\/v2\/pages\/5\/revisions\/756"}],"wp:attachment":[{"href":"http:\/\/www.pignanvtt.fr\/index.php\/wp-json\/wp\/v2\/media?parent=5"}],"curies":[{"name":"wp","href":"https:\/\/api.w.org\/{rel}","templated":true}]}}