{"version":"1.0","provider_name":"Pignan VTT","provider_url":"http:\/\/www.pignanvtt.fr","author_name":"clubpignan","author_url":"http:\/\/www.pignanvtt.fr\/index.php\/author\/clubpignan\/","title":"La rentr\u00e9e sportive, \u00e7a ne se pr\u00e9pare pas \u00e0 moiti\u00e9 ! &#171; Pignan VTT","type":"rich","width":600,"height":338,"html":"<blockquote class=\"wp-embedded-content\" data-secret=\"VcgdmBL6KC\"><a href=\"http:\/\/www.pignanvtt.fr\/index.php\/2017\/08\/23\/rentree-sportive-ca-ne-se-prepare-a-moitie\/\">La rentr\u00e9e sportive, \u00e7a ne se pr\u00e9pare pas \u00e0 moiti\u00e9 !<\/a><\/blockquote><iframe sandbox=\"allow-scripts\" security=\"restricted\" src=\"http:\/\/www.pignanvtt.fr\/index.php\/2017\/08\/23\/rentree-sportive-ca-ne-se-prepare-a-moitie\/embed\/#?secret=VcgdmBL6KC\" width=\"600\" height=\"338\" title=\"\u00ab\u00a0La rentr\u00e9e sportive, \u00e7a ne se pr\u00e9pare pas \u00e0 moiti\u00e9 !\u00a0\u00bb &#8212; Pignan VTT\" data-secret=\"VcgdmBL6KC\" frameborder=\"0\" marginwidth=\"0\" marginheight=\"0\" scrolling=\"no\" class=\"wp-embedded-content\"><\/iframe><script type=\"text\/javascript\">\n\/* <![CDATA[ *\/\n\/*! This file is auto-generated *\/\n!function(d,l){\"use strict\";l.querySelector&&d.addEventListener&&\"undefined\"!=typeof URL&&(d.wp=d.wp||{},d.wp.receiveEmbedMessage||(d.wp.receiveEmbedMessage=function(e){var t=e.data;if((t||t.secret||t.message||t.value)&&!\/[^a-zA-Z0-9]\/.test(t.secret)){for(var s,r,n,a=l.querySelectorAll('iframe[data-secret=\"'+t.secret+'\"]'),o=l.querySelectorAll('blockquote[data-secret=\"'+t.secret+'\"]'),c=new RegExp(\"^https?:$\",\"i\"),i=0;i<o.length;i++)o[i].style.display=\"none\";for(i=0;i<a.length;i++)s=a[i],e.source===s.contentWindow&&(s.removeAttribute(\"style\"),\"height\"===t.message?(1e3<(r=parseInt(t.value,10))?r=1e3:~~r<200&&(r=200),s.height=r):\"link\"===t.message&&(r=new URL(s.getAttribute(\"src\")),n=new URL(t.value),c.test(n.protocol))&&n.host===r.host&&l.activeElement===s&&(d.top.location.href=t.value))}},d.addEventListener(\"message\",d.wp.receiveEmbedMessage,!1),l.addEventListener(\"DOMContentLoaded\",function(){for(var e,t,s=l.querySelectorAll(\"iframe.wp-embedded-content\"),r=0;r<s.length;r++)(t=(e=s[r]).getAttribute(\"data-secret\"))||(t=Math.random().toString(36).substring(2,12),e.src+=\"#?secret=\"+t,e.setAttribute(\"data-secret\",t)),e.contentWindow.postMessage({message:\"ready\",secret:t},\"*\")},!1)))}(window,document);\n\/\/# sourceURL=http:\/\/www.pignanvtt.fr\/wp-includes\/js\/wp-embed.min.js\n\/* ]]> *\/\n<\/script>\n","description":"Les pr\u00e9mices de la rentr\u00e9e sportive s&rsquo;annoncent chez PIGNAN VTT en cette fin Ao\u00fbt 2017 ! Les temp\u00e9ratures plus cl\u00e9mentes et le retour des croqueurs de monotraces et des bouffeurs de bitumes se traduisent par la multiplication des sorties VTT et Cyclos pour le plus grand plaisir de tous ! C&rsquo;est ainsi que deux groupes [&hellip;]","thumbnail_url":"http:\/\/www.pignanvtt.fr\/pignanvtt\/wp-content\/uploads\/2017\/08\/jfdetjfr-300x225.jpg"}

La rentrée sportive, ça ne se prépare pas à moitié ! &#171; Pignan VTT

<blockquote class="wp-embedded-content" data-secret="VcgdmBL6KC"><a href="http://www.pignanvtt.fr/index.php/2017/08/23/rentree-sportive-ca-ne-se-prepare-a-moitie/">La rentrée sportive, ça ne se prépare pas à moitié !</a></blockquote><iframe sandbox="allow-scripts" security="restricted" src="http://www.pignanvtt.fr/index.php/2017/08/23/rentree-sportive-ca-ne-se-prepare-a-moitie/embed/#?secret=VcgdmBL6KC" width="600" height="338" title="« La rentrée sportive, ça ne se prépare pas à moitié ! » &#8212; Pignan VTT" data-secret="VcgdmBL6KC" frameborder="0" marginwidth="0" marginheight="0" scrolling="no" class="wp-embedded-content"></iframe><script type="text/javascript">
/* <![CDATA[ */
/*! This file is auto-generated */
!function(d,l){"use strict";l.querySelector&&d.addEventListener&&"undefined"!=typeof URL&&(d.wp=d.wp||{},d.wp.receiveEmbedMessage||(d.wp.receiveEmbedMessage=function(e){var t=e.data;if((t||t.secret||t.message||t.value)&&!/[^a-zA-Z0-9]/.test(t.secret)){for(var s,r,n,a=l.querySelectorAll('iframe[data-secret="'+t.secret+'"]'),o=l.querySelectorAll('blockquote[data-secret="'+t.secret+'"]'),c=new RegExp("^https?:$","i"),i=0;i<o.length;i++)o[i].style.display="none";for(i=0;i<a.length;i++)s=a[i],e.source===s.contentWindow&&(s.removeAttribute("style"),"height"===t.message?(1e3<(r=parseInt(t.value,10))?r=1e3:~~r<200&&(r=200),s.height=r):"link"===t.message&&(r=new URL(s.getAttribute("src")),n=new URL(t.value),c.test(n.protocol))&&n.host===r.host&&l.activeElement===s&&(d.top.location.href=t.value))}},d.addEventListener("message",d.wp.receiveEmbedMessage,!1),l.addEventListener("DOMContentLoaded",function(){for(var e,t,s=l.querySelectorAll("iframe.wp-embedded-content"),r=0;r<s.length;r++)(t=(e=s[r]).getAttribute("data-secret"))||(t=Math.random().toString(36).substring(2,12),e.src+="#?secret="+t,e.setAttribute("data-secret",t)),e.contentWindow.postMessage({message:"ready",secret:t},"*")},!1)))}(window,document);
//# sourceURL=http://www.pignanvtt.fr/wp-includes/js/wp-embed.min.js
/* ]]> */
</script>

Les prémices de la rentrée sportive s&rsquo;annoncent chez PIGNAN VTT en cette fin Août 2017 ! Les températures plus clémentes et le retour des croqueurs de monotraces et des bouffeurs de bitumes se traduisent par la multiplication des sorties VTT et Cyclos pour le plus grand plaisir de tous ! C&rsquo;est ainsi que deux groupes [&hellip;]
